2. Let n = q + y. List the prime factors of n.
19
Let r = 39 - 39. Suppose r = 99*j - 94*j - 660. What are the prime factors of j?
2, 3, 11
Suppose -4996 - 12658 = -14*s. What are the prime factors of s?
13, 97
Suppose 8*s - 2179 = -5*v + 5*s, 3*s - 431 = -v. What are the prime factors of v?
19, 23
Let d = -4 + 124. Suppose -4*f = f - d. Let z = -12 + f. List the prime factors of z.
2, 3
Let g(t) = 0*t - 4*t + 3*t + 3. Let q be g(0). Suppose 2*x - 26 = -4*d, -4*d + q*x = d - 27. List the prime factors of d.
2, 3
Let a be (119 - -1)/(21/(-14)). Let r be a/(-6)*15 - 0. Suppose 6*y - r = y. List the prime factors of y.
2, 5
Let l(v) = v**2 - v - 20. Let t be l(-4). Suppose t = 6*p - 356 - 196. List the prime factors of p.
2, 23
Suppose -19*p + 29*p = 2030. What are the prime factors of p?
7, 29
Let i = 47 - 49. What are the prime factors of i/(-8) + (-443)/(-4)?
3, 37
Let s(w) = 2*w**2 - w - 3. Let r be s(3). Suppose 4*t - 5*a = -30, 3*a = 6*t - 3*t + 24. What are the prime factors of (-1)/(t/r)*5?
2, 3
Let i be 2*(2 - 1 - -39). Suppose 4*l - 88 = i. Let r = l - 22. What are the prime factors of r?
2, 5
Let w = -59 - -63. Suppose 2*b - w*b - 4*m + 20 = 0, -2*m = 3*b - 22. What are the prime factors of b?
2, 3
Let b be 2/(-7) + (-7176)/21. Let i = -39 - b. What are the prime factors of i?
3, 101
Suppose -13*x - 66 = 220. What are the prime factors of (3 - x/(-6))*-111?
2, 37
Let r(t) = 440*t - 31. List the prime factors of r(2).
3, 283
Let g = -1 - -3. Suppose 4*n = 3*r - 59, g*n - 55 = -7*r + 2*r. List the prime factors of r.
13
Let d be (-3 - -3 - 35) + -4. Let w = 123 + d. What are the prime factors of w?
2, 3, 7
Suppose 123 + 12 = 4*d - 5*w, -4*d + 123 = -w. List the prime factors of (297/3)/(d/100).
2, 3, 5, 11
Suppose 881 = u - 15*y + 16*y, -2*y + 885 = u. What are the prime factors of u?
877
Suppose 0 = -u + 3*u - 6, -27 = -z - u. What are the prime factors of (z/20)/((-8)/(-60))?
3
Let y be ((-95)/10)/(0 + 3/6). Let v = y - -58. What are the prime factors of v?
3, 13
Suppose 54*b + 1130 = 64*b. What are the prime factors of b?
113
Suppose -34*v + 7*v + 60804 = 0. List the prime factors of v.
2, 563
Let z(u) = 2*u**2 + 12*u - 24. Let w(n) = n**2 + 16*n + 18. Let k be w(-15). Let b be (160/48)/((-1)/k). What are the prime factors of z(b)?
2, 7
Suppose 1362 = -6*q + 3858. Suppose 0 = 3*v - v - q. What are the prime factors of v?
2, 13
Suppose 2 = 2*v - 2. Let a(t) = t**v + 5 - 13 - 2*t + t**2. What are the prime factors of a(-4)?
2
Let i(c) = c**3 - 6*c**2 + c - 2. Let y be i(6). Suppose y*d = -20, 5*x - 4*x = d + 8. Suppose x*j = -j + 92. List the prime factors of j.
23
Let n = 2157 + -882. What are the prime factors of n?
3, 5, 17
Let r be ((-50)/(-30))/(1/9). Suppose -5*z - 5 = -3*b, 15 = 5*z + 4*b - r. Suppose -z = -2*p, 5*m - 83 = 3*p - 21. What are the prime factors of m?
13
Suppose 0 = -2*o + 2*n + 6 - 0, 0 = -4*o + 3*n + 11. Suppose -5*p - 4*h = 35 - 324, -o = -2*h. List the prime factors of p.
3, 19
Let l(m) = m**3 - 18*m**2 - 20*m + 19. Let n be l(19). Suppose -38 = -n*r - 2*r. List the prime factors of r.
19
Let t(d) = 83*d**2 - 15*d - 124. List the prime factors of t(-8).
2, 1327
Let b be (-9)/(-2)*(-10)/15. Let g = -8 - b. Let s = g + 29. List the prime factors of s.
2, 3
Let b(m) = m**3 - 8*m**2 + 7*m. Let l be b(7). Let o be l/(0 - -2 - 4). Suppose o = 4*q, 5*r + 2*q - 80 = 3*q. List the prime factors of r.
2
Let r(y) = y**2 - 13*y - 23. Let t be r(15). Let s(n) = n + 13. What are the prime factors of s(t)?
2, 5
Let y(n) = 3*n - 23*n + 25 + 12*n. What are the prime factors of y(-13)?
3, 43
Let i(g) = -g**3 + g**2 + 4*g + 83. Let r be i(0). Let l = r - 31. List the prime factors of l.
2, 13
Let s = 1001 - 607. What are the prime factors of s?
2, 197
Suppose -4*w + 3*j + 3 = 0, -2*w - 3*j + 0 = 3. Let h be (-8)/(-6)*6/(-4). List the prime factors of (h - -1) + w - -7.
2, 3
Let a(u) = u + 13. Let j be a(-10). Let o be ((-1)/(-1))/(4 - j). List the prime factors of (1 + -1 + 13)/o.
13
List the prime factors of (8 - (-151 + 6)) + 3.
2, 3, 13
Suppose -2035 = -121*w + 116*w. What are the prime factors of w?
11, 37
Let h(r) = -r**2 + 6*r + 5. Let f be h(7). Let u = 6 + f. Suppose 6*n = u*n + 44. List the prime factors of n.
2, 11
Let h(m) = 88*m + 284. List the prime factors of h(3).
2, 137
Let l = -260 + 408. Suppose 4*m = -2*h - 150, 3*h + 7*m + 237 = 4*m. Let i = h + l. What are the prime factors of i?
5, 13
List the prime factors of ((-3)/(-2))/(95290/(-11912) + 8).
2, 1489
Let h(v) = -v - 34. Let w be h(-14). Let p(a) = a**2 + 14*a + 7. What are the prime factors of p(w)?
127
Let g(k) = -642*k - 741. What are the prime factors of g(-8)?
3, 5, 293
Suppose 5*l + 4*n - 644 = 674, 4*n - 8 = 0. What are the prime factors of l?
2, 131
What are the prime factors of (-181775)/(-77) + ((-240)/42 - -6)?
3, 787
Let b(w) be the third derivative of 5*w**4/24 + w**3/2 + 6*w**2. What are the prime factors of b(9)?
2, 3
What are the prime factors of (120/75)/((-6)/(-5745))?
2, 383
Let r(c) = 4*c**3 - 15*c**2 + 55*c + 13. List the prime factors of r(6).
23, 29
What are the prime factors of (106/(-5))/((-1)/120)?
2, 3, 53
Let q(a) = 34*a - 4. Let h be q(2). Let j = h - 91. List the prime factors of -1*(-2 + 4) - j.
5
Let c(s) = 8*s + 15. Let u be c(-7). Let k = u - -100. List the prime factors of k.
59
Let g = -4 + 11. Let n = -245 + 224. Let w = g - n. What are the prime factors of w?
2, 7
Let s = 1351 + -261. What are the prime factors of s?
2, 5, 109
Suppose 0 = 7*k + 16*k - 85882. List the prime factors of k.
2, 1867
Let r(b) = 74*b**3 - 2*b**2 + 25*b - 61. List the prime factors of r(4).
3, 17, 31
Suppose -5*y - 879 = -x, -286 = x + 5*y - 1135. What are the prime factors of x?
2, 3
Let q be (-6)/(-4) + 1/2. Suppose -q*f + 162 = 12. Suppose -w + 6*w - f = 0. What are the prime factors of w?
3, 5
Let n = 8 + -7. Let v be (n*(3 + -3))/2. Suppose -3*w + 4*f + 7 = v, 3*f + 11 = -3*w + 53. List the prime factors of w.
3
Suppose -15*z = -17*z + 800. Suppose -z = -3*p - 2*p + x, -4*x = 0. What are the prime factors of p?
2, 5
Let p be 12*5/(10 + 0). Suppose 17 = p*f - 139. List the prime factors of f.
2, 13
Suppose -4*z + 7 + 1 = 0. Suppose 5*y = -3*j + 47, -4*y + 48 = y + z*j. Suppose -r = -9 - y. List the prime factors of r.
19
Let k be (-24)/40 + 648/5. Let h = -75 + k. Let x = 81 - h. List the prime factors of x.
3
Let t(u) = 52*u + 97. List the prime factors of t(-1).
3, 5
Suppose 23*d - 546 = -40. Suppose 9*v - d*v = -1820. What are the prime factors of v?
2, 5, 7
Let v(m) = 8*m**2 - 7*m + 4. Let b be v(4). Let t = b + -3. What are the prime factors of t?
101
Suppose -4*v - s = -10, 3*v + 2*s - 7 = s. Suppose 0*d = -2*j + v*d + 12, 5*j - 19 = 2*d. What are the prime factors of j?
3
Let i(v) = -v**3 - 7*v**2 + 10*v + 19. Let a be i(-8). What are the prime factors of ((-2)/4)/(a + (-5068)/1688)?
211
Suppose -716 = -5*i - z + 1538, -4*i + z = -1796. List the prime factors of i.
2, 3, 5
Let w be (-70)/(-22) + 5*(-10)/275. Let d(l) = -l**2 - l + 3. Let b be d(-3). What are the prime factors of b/(w/(-52)) + 0?
2, 13
Let a = -206 - -368. Let j = a + 28. What are the prime factors of j/8 + 5/20?
2, 3
Let u = -38 - -79. Let z = 103 - u. List the prime factors of z.
2, 31
Let b be 240/7 - (-8)/(-28). Let p be b/4 + 3/(-6). Let q(h) = h**3 - 9*h**2 + 8*h + 7. List the prime factors of q(p).
7
Let z(j) = j**3 + 10*j**2 - 11*j + 5. List the prime factors of z(7).
761
What are the prime factors of (20 + 4)/((-3)/(-234))?
2, 3, 13
Let a(y) = -8*y + 10. Let b be a(-13). Let c = b - 35. What are the prime factors of c?
79
What are the prime factors of (3 - -24)*131/3?
3, 131
Let d = 3529 + -1765. What are the prime factors of d?
2, 3, 7
Let n be (3/5 + -1)/(10/(-300)). Suppose 0 = 2*m - 3*m + n. What are the prime factors of m?
2, 3
Suppose 13398 = 10*u + 11*u. List the prime factors of u.
2, 11, 29
Suppose -4*l - 320 + 2048 = 0. Suppose 6*w = 2*w + l. Suppose y = d + 34 - w, 296 = 4*d + 4*y. List the prime factors of d.
2, 37
Let w = 29 + 37. Suppose 0 = 7*z - 8*z + w. What are the prime factors of z?
2, 3, 11
Suppose 6411 + 1698 = 17*t. List the prime factors of t.
3, 53
Let k(v) = -v + 2. Let g be k(-3). Let y = -35 - -61. Suppose -p = -y - g. List the 